he remainder when 114 is divided by s/(-3) - 2/(-6).
22
Suppose 12*f = 8*f + 256. Suppose 0 = 15*l - 14*l - f. Let a(j) = j**3 + 9*j**2 - 13*j - 13. What is the remainder when l is divided by a(-10)?
13
Let p(x) = 15*x**3 - x**2 - x + 1. Let t = 161 - 161. Suppose 48*y - 53*y + 200 = t. What is the remainder when y is divided by p(1)?
12
Let c = 0 - -25. Suppose 47 + 568 = 5*u. Calculate the remainder when u is divided by c.
23
Let f be ((-238)/(-22) - (-2)/11) + -1. Suppose 4*v = -2*w - 3*w + 55, 2*v = f. Let p = 99 + -66. What is the remainder when p is divided by w?
5
Calculate the remainder when 8424 is divided by (-812)/(-84) - (-28)/21.
9
Suppose 4*r = -3*o - 5 + 8, 20 = -5*r + o. Calculate the remainder when (8 - 1)/(610/200 + r) is divided by 16.
12
Let y(h) = -2*h + 4. Suppose 7*g = 156 + 152. Suppose -2*s + 3*v + 67 = 0, -2*s + s = -5*v - g. What is the remainder when s is divided by y(-3)?
9
Let u(g) = 3*g**3 - 11*g**2 + 14*g - 4. Suppose 5*c - 1636 = 3*q, 2*c + 699 + 1465 = -4*q. Calculate the remainder when u(4) is divided by q/(-26) - 4/(-26).
5
What is the remainder when -3 + 101824/(-25 - -33) is divided by 101?
100
Suppose -84*l = -3*k - 88*l + 8040, 3*k = 4*l + 7968. What is the remainder when k is divided by 267?
265
Let i(b) = -3*b**2 - 4*b - 3. Let q be i(-2). Calculate the remainder when 6/21 - 649/q is divided by (-703)/(-19) + (9/(-1) - 4).
21
Suppose -37*c - 15*c = -2496. Suppose -c = 172*y - 188*y. Calculate the remainder when 147 is divided by y.
0
Let z = 30038 - 29857. What is the remainder when 2888 is divided by z?
173
Suppose -3*s + 8*s + 25 = 0. Let r = s - -16. Suppose -7*q - 92 = -r*q. What is the remainder when 89 is divided by q?
20
Let j = -8 - -5. Suppose -72*l - 31*l + 504 = -31*l. What is the remainder when 30*((-2)/j - 0) is divided by l?
6
Calculate the remainder when 118 is divided by 50 - (676/(-130) + (-1)/(-5)).
8
Let r = -79 - -169. Calculate the remainder when r is divided by 470/200*5 + 20/16 + -1.
6
Suppose -4*i + 59 = -2*q + q, 4*i = -q + 53. Calculate the remainder when i + -5 + 33 + 0 + 1 is divided by 28.
15
Let x = 3321 - 3213. Let w = 5 + -3. Suppose -2*p - 2*l = -x, -2*l = -w*p + 3*l + 80. Calculate the remainder when p is divided by 17.
16
Let i(m) = 8*m**2 + 3*m + 4. What is the remainder when i(5) is divided by 33 - (6/(-22) + 1204/946)?
27
Suppose 0 = -2*u + 5*x + 39, 26*x = -3*u + 24*x - 8. What is the remainder when 684 is divided by u?
0
Let r(f) = 25*f + 31 - 1 + 25 - 99. What is the remainder when r(8) is divided by 80?
76
Let a = 43 + 32. Suppose -3*g + 3*q = a, 5*q - 8 = -g - 3. Let o = -9 - g. Calculate the remainder when 51 is divided by o.
7
Let b = -587 - -230. Let d = b - -370. What is the remainder when 128 is divided by d?
11
Let g(n) = -n**2 + 43*n + 177. What is the remainder when 1732 is divided by g(46)?
16
Let q(c) = -50*c. Let g = -16 + 15. Calculate the remainder when q(g) is divided by 13.
11
Let b = -34 - 10. Let j be (2 - b/(-16))*924. Calculate the remainder when j/(-15) + 2/(-10) is divided by 16.
14
Suppose 0 = -5*z + 3*r + 2223, 0*z - 5*r - 1781 = -4*z. Suppose 0 = 595*o - 591*o - z. What is the remainder when 428 is divided by o?
95
Suppose -5*s + 265 = -t, -2*s + 4*t = 3*s - 250. Let m = -1945 - -3401. Calculate the remainder when m is divided by s.
52
Suppose 67*o - 5*n + 147 = 68*o, -5*n = -o + 217. Calculate the remainder when o is divided by 1/((-1)/37*-1).
34
Let i = -2 - -83. Suppose -3*f = 4*w - 187, 2*w + 0*w - f = i. Suppose 0 = a + 4*k - 33 - 110, 5*k + 488 = 4*a. What is the remainder when a is divided by w?
41
Let z = -1798 + 2082. Calculate the remainder when z is divided by 13.
11
What is the remainder when ((-4)/12*7)/((-4056)/(-4059) - 1) is divided by 1050?
7
Suppose 6*o - 7 - 23 = 0. Suppose -13*q + 60 = 2*q. Suppose 4*y = 4, -q*y = -6*a + a + 161. What is the remainder when a is divided by o?
3
Suppose 4*u = 386 + 22. What is the remainder when u is divided by -7*3*(-60)/35?
30
Suppose 51*g + 308 = 73*g. Let m(v) = v**2 + 2*v + 6. Let c be m(8). Suppose 0 = -3*z + c + 34. Calculate the remainder when z is divided by g.
12
Let k = -2645 - -2794. What is the remainder when 363 is divided by k?
65
Let j = -166 + 160. Calculate the remainder when 178 is divided by -4*(9 - j)/(-3).
18
Let w = -2285 - -2364. Calculate the remainder when w is divided by 53.
26
Suppose -s - 2*g = -70, 18*s - 20*s + 3*g = -182. Calculate the remainder when 146 is divided by s.
64
Let a = -76 + -117. Let f = a - -256. Let w = -38 + 60. What is the remainder when f is divided by w?
19
Let c(h) = -250*h**3 + h**2 - h - 1. Let k be c(-1). Let q = k - 212. What is the remainder when q is divided by 4?
3
Suppose l - 119 = -2*j, 3*l + l = 4*j + 512. Let x(w) = 2*w**3 + 77*w**2 + 369*w + 211. What is the remainder when l is divided by x(-33)?
8
Let z(m) = -2*m - 11*m + 8 + 14*m - m**3. Let f be z(0). Let r(w) = 5*w - 28. Calculate the remainder when 105 is divided by r(f).
9
Let b(g) = g**2 + 5. Suppose 7*r - 290 = -325. Calculate the remainder when b(r) is divided by 5.
0
Let h(k) = -k**3 + 41*k**2 - 79*k + 50. Let y = -43 - -48. Calculate the remainder when h(39) is divided by y.
1
Let t = 6347 - 6329. What is the remainder when 1453 is divided by t?
13
Suppose 148 = 9*v - 257. Suppose -5*y + v = 4*w - 78, 121 = 5*y + 3*w. What is the remainder when 183 is divided by y?
22
Let l = 383 - 381. Suppose -l*b - 2*j = -94, -11 = -4*j - 31. What is the remainder when b is divided by ((-27)/(-2))/(3/6)?
25
Let d = 1 - -77. Calculate the remainder when d is divided by (13/(364/245))/((-10)/(-16)).
8
Calculate the remainder when 269 is divided by (1640/80 - 18)*(-1 + 87).
54
Let a = 3935 + -2189. Suppose 5*o = y + 11922 - 3230, -o + 4*y + a = 0. What is the remainder when (6/4)/(11/o) is divided by 30?
27
Calculate the remainder when 431 is divided by ((-112)/(-64))/(3 - (-526)/(-176)).
123
Suppose -o + 4*w + 23 + 355 = 0, w - 1017 = -3*o. Calculate the remainder when o is divided by 270.
72
Suppose -11*i = -58*i + 7050. Let h = 223 + i. What is the remainder when h is divided by 25?
23
Let a be 1/((-42)/(-3720))*21/6. Suppose 113 + a = 9*h. Calculate the remainder when h is divided by 8.
7
Suppose -q = h - 316, 0 = 24*q - 29*q - h + 1580. What is the remainder when q is divided by 173?
143
Let x(q) = 2*q**2 + 8*q - 21. Let o be x(-11). Let a = o - 31. Let w(z) = -z**2 + z + 26. Calculate the remainder when a is divided by w(0).
24
Let h be 0*(1/6)/((-4)/24). Suppose -5*p + 3*m + 85 = h, 0*p + p - 4*m = 34. What is the remainder when 80 is divided by p?
10
Suppose 2*y - 3*l - 1475 = 0, -3*y - 75*l + 80*l = -2209. What is the remainder when y is divided by 189?
181
Let z = 13 + -13. Suppose 235 = 5*b - 4*k, z = -b - 5*k + 24 + 52. What is the remainder when 99 is divided by b?
48
Let n = 59923 + -59872. What is the remainder when n is divided by (-1)/(-1 + 26/27)?
24
Let n = -224 - -104. Calculate the remainder when 11 is divided by (-760)/n - (1 - (-5)/(-3)).
4
Suppose -101*k + 94*k = 105. Let v(p) = p**3 + 16*p**2 - 9*p - 90. Calculate the remainder when v(k) is divided by 39.
36
Let g = 2347 - 2332. What is the remainder when 40 is divided by g?
10
Suppose w = -3*d - 2*w + 54, 0 = -4*d - 3*w + 72. Suppose -3*y + 24 = d. Calculate the remainder when y is divided by 2.
0
Let h be -3 + (-2812)/(-16) + 1/4. Let l = h + 81. Calculate the remainder when l is divided by 51.
50
Suppose -12*g - 123 = 3*p, -p + 3*g = 81 - 124. Suppose -3*w - 5*u = 70 - 176, -w + 42 = 5*u. What is the remainder when w is divided by p?
4
Calculate the remainder when 1645 is divided by -3*6/90*-27 - 16/40.
0
What is the remainder when (-7800)/(-250) + (-1)/5 is divided by 44/5 + 0 - 33/(-165)?
4
Suppose 0 = -0*a + 2*a - 4. What is the remainder when 2 + 0 + -3 + 60 + (13 - 21) is divided by (-27)/(a - (1 - -2))?
24
Let g = -137 + 241. Let i = g - 85. Let c(p) = 6*p**2 - p + 2. Calculate the remainder when c(3) is divided by i.
15
Let n(j) = 109*j - 2375. What is the remainder when n(27) is divided by 278?
12
Let g(w) = -312*w - 1723. Calculate the remainder when 160 is divided by g(-6).
11
Let q be 2/(-6) + (-16)/(-3). Suppose q*f - 185 = 5*m, -4*f - 4*m + 138 + 10 = 0. What is the remainder when f